ultiple of 49?
True
Is 948090 a multiple of 26?
True
Is 26 a factor of 522652?
True
Is 884951 a multiple of 33?
False
Is 134064 a multiple of 133?
True
Is 63 a factor of 15624?
True
Is 132 a factor of 10434204?
True
Is 374320 a multiple of 268?
False
Is 1273091 a multiple of 188?
False
Does 444 divide 16872?
True
Does 139 divide 582271?
True
Is 23 a factor of 59179?
True
Is 61 a factor of 22448?
True
Is 2079042 a multiple of 177?
True
Does 10 divide 30468?
False
Does 67 divide 441960?
False
Is 1167616 a multiple of 16?
True
Does 9 divide 501127?
False
Does 118 divide 13757074?
False
Is 308864 a multiple of 19?
True
Is 15 a factor of 698535?
True
Does 238 divide 493185?
False
Does 350 divide 3093650?
True
Is 702 a factor of 434538?
True
Is 28 a factor of 117862?
False
Does 215 divide 494747?
False
Does 248 divide 74648?
True
Is 682746 a multiple of 29?
False
Does 266 divide 3749969?
False
Does 249 divide 1948931?
False
Is 44 a factor of 329026?
False
Does 11 divide 9237316?
True
Is 33 a factor of 103983?
True
Is 58337 a multiple of 5?
False
Does 11 divide 579051?
True
Is 268 a factor of 223780?
True
Does 6 divide 84165?
False
Is 23285 a multiple of 61?
False
Is 5 a factor of 14841?
False
Is 1089240 a multiple of 145?
True
Is 265 a factor of 1887556?
False
Is 69 a factor of 5694801?
False
Does 76 divide 8358098?
False
Does 5 divide 24849?
False
Is 4 a factor of 266227?
False
Is 264395 a multiple of 56?
False
Does 258 divide 90144?
False
Is 862838 a multiple of 4?
False
Does 203 divide 5275767?
True
Does 13 divide 3715?
False
Does 68 divide 2180352?
True
Does 41 divide 8732528?
False
Is 350136 a multiple of 24?
True
Is 12 a factor of 12569?
False
Is 1400 a factor of 837200?
True
Does 212 divide 71656?
True
Is 15 a factor of 380940?
True
Is 52 a multiple of 13?
True
Is 185 a factor of 442386?
False
Is 88 a factor of 1488294?
False
Is 137 a factor of 1603170?
False
Is 85 a factor of 350?
False
Is 23136 a multiple of 8?
True
Is 1831440 a multiple of 12?
True
Does 9 divide 185126?
False
Is 209412 a multiple of 9?
True
Does 20 divide 114180?
True
Is 270 a factor of 188730?
True
Does 7 divide 94035?
False
Is 1789578 a multiple of 127?
False
Is 249946 a multiple of 78?
False
Is 65681 a multiple of 853?
True
Is 83 a factor of 17545?
False
Is 162 a factor of 1510974?
True
Is 581414 a multiple of 323?
False
Does 14 divide 892304?
True
Is 31 a factor of 6944868?
True
Is 17 a factor of 43646?
False
Does 24 divide 95496?
True
Does 223 divide 557277?
True
Does 11 divide 78672?
True
Is 459 a factor of 1589976?
True
Does 14 divide 982534?
True
Is 682 a factor of 2824844?
True
Is 89 a factor of 39249?
True
Is 364902 a multiple of 683?
False
Is 2 a factor of 39573?
False
Is 55 a factor of 182985?
True
Is 123 a factor of 9766938?
True
Is 878595 a multiple of 178?
False
Is 33 a factor of 320463?
True
Is 15 a factor of 80881?
False
Is 639867 a multiple of 27?
False
Does 7 divide 220717?
True
Is 96 a factor of 50110?
False
Is 15645869 a multiple of 63?
False
Does 11 divide 110114?
False
Is 25 a factor of 96850?
True
Is 8 a factor of 366528?
True
Does 23 divide 325362?
False
Does 26 divide 154154?
True
Is 137 a factor of 14796?
True
Does 7 divide 5428815?
True
Is 10361 a multiple of 16?
False
Is 23 a factor of 504946?
False
Is 14 a factor of 14796?
False
Is 121 a factor of 30734?
True
Is 11096676 a multiple of 108?
True
Is 367 a factor of 242725?
False
Is 1152 a factor of 1589298?
False
Does 813 divide 162595?
False
Is 1553 a factor of 4614759?
False
Is 141182 a multiple of 24?
False
Does 324 divide 133488?
True
Is 451967 a multiple of 249?
False
Is 230 a factor of 872160?
True
Does 21 divide 1199541?
True
Is 210 a factor of 11657?
False
Is 52 a factor of 193519?
False
Does 20 divide 1108393?
False
Does 73 divide 272436?
True
Is 10 a factor of 2655273?
False
Is 282 a factor of 287640?
True
Is 2257005 a multiple of 8?
False
Does 9 divide 69778?
False
Is 95 a factor of 98380?
False
Is 214 a factor of 1081833?
False
Is 413424 a multiple of 162?
True
Does 19 divide 106780?
True
Does 40 divide 383137?
False
Is 160963 a multiple of 90?
False
Is 17729 a multiple of 114?
False
Is 16460496 a multiple of 6?
True
Is 94 a factor of 436400?
False
Does 6 divide 890499?
False
Is 513 a factor of 3297564?
True
Is 258966 a multiple of 4?
False
Is 30 a factor of 2183079?
False
Is 143071 a multiple of 142?
False
Is 350 a factor of 3266550?
True
Does 237 divide 13146390?
True
Is 232 a factor of 300440?
True
Is 853300 a multiple of 460?
True
Is 25 a factor of 6446675?
True
Does 193 divide 35083?
False
Is 61 a factor of 128588?
True
Does 289 divide 204485?
False
Does 179 divide 114202?
True
Is 2189025 a multiple of 29?
False
Is 211376 a multiple of 34?
False
Is 3 a factor of 119487?
True
Does 137 divide 1192311?
True
Is 2027225 a multiple of 28?
False
Is 760 a factor of 1409040?
True
Is 780962 a multiple of 8?
False
Does 22 divide 10317978?
True
Is 14 a factor of 1479142?
True
Does 30 divide 437340?
True
Is 227376 a multiple of 6?
True
Does 5 divide 178996?
False
Does 394 divide 4828394?
False
Does 140 divide 1029280?
True
Is 1565224 a multiple of 17?
True
Is 179 a factor of 96616?
False
Does 186 divide 159402?
True
Is 9770 a multiple of 22?
False
Is 193 a factor of 1760822?
False
Does 27 divide 3197313?
True
Is 19 a factor of 1056323?
False
Is 419 a factor of 1836477?
True
Is 6581812 a multiple of 1198?
True
Is 12555342 a multiple of 229?
False
Is 642708 a multiple of 45?
False
Does 337 divide 5453334?
True
Does 314 divide 88548?
True
Does 195 divide 1569706?
False
Is 1044111 a multiple of 327?
True
Does 31 divide 5362318?
True
Does 17 divide 9191917?
True
Is 22195 a multiple of 5?
True
Does 400 divide 95594?
False
Is 3591529 a multiple of 103?
False
Does 9 divide 19062?
True
Is 4457570 a multiple of 17?
True
Is 785 a factor of 1851030?
True
Is 13 a factor of 9698?
True
Is 785686 a multiple of 60?
False
Is 554 a factor of 2977700?
False
Is 278 a factor of 929076?
True
Is 688 a factor of 17314208?
True
Is 158 a factor of 185018?
True
Does 534 divide 84372?
True
Is 113680 a multiple of 8?
True
Is 229 a factor of 171662?
False
Does 56 divide 6048?
True
Does 17 divide 1588431?
False
Is 375645 a multiple of 9?
False
Is 13 a factor of 636083?
False
Is 7277641 a multiple of 37?
True
Is 224549 a multiple of 13?
True
Is 380420 a multiple of 92?
True
Is 448531 a multiple of 15?
False
Is 22397 even?
False
Is 421 a factor of 39153?
True
Does 26 divide 85072?
True
Does 66 divide 40392?
True
Is 16057708 a multiple of 796?
True
Is 3131035 a multiple of 248?
False
Does 995 divide 1808625?
False
Is 270 a factor of 525960?
True
Is 25 a factor of 2691282?
False
Is 4 a factor of 16316?
True
Is 259 a factor of 173012?
True
Is 2891485 a multiple of 35?
False
Does 7 divide 77980?
True
Is 43 a factor of 418789?
False
Is 20 a factor of 912918?
False
Does 287 divide 1707235?
False
Is 53283 a multiple of 27?
False
Does 5 divide 2812143?
False
Is 1389 a factor of 2126559?
True
Is 10 a factor of 135000?
True
Is 178791 a multiple of 13?
False
Does 21 divide 2695319?
False
Does 41 divide 502608?
False
Is 11 a factor of 3076511?
False
Is 225446 a multiple of 58?
True
Is 740711 a multiple of 552?
False
Is 22173 a multiple of 76?
False
Is 26 a factor of 21294?
True
Is 93 a factor of 301227?
True
Is 97 a factor of 61808?
False
Is 502136 a multiple of 26?
False
Is 15 a factor of 8135145?
True
Is 52057 a multiple of 6?
False
Is 363702 even?
True
Does 3 divide 48256?
False
Is 1381224 a multiple of 107?
False
Is 935817 a multiple of 4?
False
Does 309 divide 11454321?
True
Is 262 a factor of 13668802?
True
Is 1403460 a multiple of 345?
True
Is 1443393 a multiple of 9?
True
Does 2 divide 722379?
False
Is 1702 a factor of 3094236?
True
Is 128 a factor of 13824?
True
Is 28041 a multiple of 105?
False
Is 29 a factor of 481138?
False
Is 1453726 a multiple of 100?
False
Is 1894278 a multiple of 246?
False
Does 22 divide 9927720?
True
Does 11 divide 43120?
True
Is 197010 a multiple of 25?
False
Does 1162 divide 4800222?
True
Is 176477 a multiple of 7?
True
Does 93 divide 31062?
True
Does 33 divide 330370?
False
Does 154 divide 250712?
True
Is 39 a factor of 2404547?
False
Does 471 divide 269049?
False
Is 5082940 a multiple of 45?
F